{"id":520,"date":"2022-08-01T15:28:57","date_gmt":"2022-08-01T15:28:57","guid":{"rendered":"https:\/\/startertemplatecloud.com\/g58\/?page_id=520"},"modified":"2026-02-18T20:03:14","modified_gmt":"2026-02-18T20:03:14","slug":"politicas","status":"publish","type":"page","link":"https:\/\/curarrehue.cl\/portalmayor\/politicas\/","title":{"rendered":"Politicas"},"content":{"rendered":"<style>.kb-row-layout-wrap.wp-block-kadence-rowlayout.kb-row-layout-id520_487613-1a{margin-top:-40px;}.kb-row-layout-id520_487613-1a > .kt-row-column-wrap{align-content:start;}:where(.kb-row-layout-id520_487613-1a > .kt-row-column-wrap) > .wp-block-kadence-column{justify-content:start;}.kb-row-layout-id520_487613-1a > .kt-row-column-wrap{column-gap:var(--global-kb-gap-md, 2rem);row-gap:var(--global-kb-gap-md, 2rem);padding-top:140px;padding-right:20px;padding-bottom:60px;padding-left:20px;grid-template-columns:minmax(0, 1fr);}.kb-row-layout-id520_487613-1a > .kt-row-layout-overlay{opacity:0.30;background-image:url('https:\/\/curarrehue.cl\/portalmayor\/wp-content\/uploads\/2022\/06\/pexels-steve-johnson-1843717.jpg');background-size:cover;background-position:center center;background-attachment:scroll;background-repeat:no-repeat;}@media all and (max-width: 1024px){.kb-row-layout-id520_487613-1a > .kt-row-column-wrap{grid-template-columns:minmax(0, 1fr);}}@media all and (max-width: 767px){.kb-row-layout-id520_487613-1a > .kt-row-column-wrap{grid-template-columns:minmax(0, 1fr);}}<\/style><div class=\"kb-row-layout-wrap kb-row-layout-id520_487613-1a alignnone has-theme-palette8-background-color kt-row-has-bg wp-block-kadence-rowlayout\"><div class=\"kt-row-layout-overlay kt-row-overlay-normal\"><\/div><div class=\"kt-row-column-wrap kt-has-1-columns kt-row-layout-equal kt-tab-layout-inherit kt-mobile-layout-row kt-row-valign-top\">\n<style>.kadence-column520_baef78-0f > .kt-inside-inner-col,.kadence-column520_baef78-0f > .kt-inside-inner-col:before{border-top-left-radius:0px;border-top-right-radius:0px;border-bottom-right-radius:0px;border-bottom-left-radius:0px;}.kadence-column520_baef78-0f > .kt-inside-inner-col{column-gap:var(--global-kb-gap-sm, 1rem);}.kadence-column520_baef78-0f > .kt-inside-inner-col{flex-direction:column;}.kadence-column520_baef78-0f > .kt-inside-inner-col > .aligncenter{width:100%;}.kadence-column520_baef78-0f > .kt-inside-inner-col:before{opacity:0.3;}.kadence-column520_baef78-0f{position:relative;}@media all and (max-width: 1024px){.kadence-column520_baef78-0f > .kt-inside-inner-col{flex-direction:column;justify-content:center;}}@media all and (max-width: 767px){.kadence-column520_baef78-0f > .kt-inside-inner-col{flex-direction:column;justify-content:center;}}<\/style>\n<div class=\"wp-block-kadence-column kadence-column520_baef78-0f inner-column-1\"><div class=\"kt-inside-inner-col\"><style>.kb-row-layout-id520_c74fab-e2 > .kt-row-column-wrap{align-content:start;}:where(.kb-row-layout-id520_c74fab-e2 > .kt-row-column-wrap) > .wp-block-kadence-column{justify-content:start;}.kb-row-layout-id520_c74fab-e2 > .kt-row-column-wrap{column-gap:var(--global-kb-gap-md, 2rem);row-gap:var(--global-kb-gap-md, 2rem);max-width:500px;margin-left:auto;margin-right:auto;padding-top:0px;padding-bottom:0px;grid-template-columns:minmax(0, 1fr);}.kb-row-layout-id520_c74fab-e2 > .kt-row-layout-overlay{opacity:0.30;}@media all and (max-width: 1024px){.kb-row-layout-id520_c74fab-e2 > .kt-row-column-wrap{grid-template-columns:minmax(0, 1fr);}}@media all and (max-width: 767px){.kb-row-layout-id520_c74fab-e2 > .kt-row-column-wrap{grid-template-columns:minmax(0, 1fr);}}<\/style><div class=\"kb-row-layout-wrap kb-row-layout-id520_c74fab-e2 alignnone wp-block-kadence-rowlayout\"><div class=\"kt-row-column-wrap kt-has-1-columns kt-row-layout-equal kt-tab-layout-inherit kt-mobile-layout-row kt-row-valign-top\">\n<style>.kadence-column520_a59369-3b > .kt-inside-inner-col,.kadence-column520_a59369-3b > .kt-inside-inner-col:before{border-top-left-radius:0px;border-top-right-radius:0px;border-bottom-right-radius:0px;border-bottom-left-radius:0px;}.kadence-column520_a59369-3b > .kt-inside-inner-col{column-gap:var(--global-kb-gap-sm, 1rem);}.kadence-column520_a59369-3b > .kt-inside-inner-col{flex-direction:column;}.kadence-column520_a59369-3b > .kt-inside-inner-col > .aligncenter{width:100%;}.kadence-column520_a59369-3b > .kt-inside-inner-col:before{opacity:0.3;}.kadence-column520_a59369-3b{position:relative;}@media all and (max-width: 1024px){.kadence-column520_a59369-3b > .kt-inside-inner-col{flex-direction:column;justify-content:center;}}@media all and (max-width: 767px){.kadence-column520_a59369-3b > .kt-inside-inner-col{flex-direction:column;justify-content:center;}}<\/style>\n<div class=\"wp-block-kadence-column kadence-column520_a59369-3b inner-column-1\"><div class=\"kt-inside-inner-col\"><style>.wp-block-kadence-advancedheading.kt-adv-heading520_a22b62-1c, .wp-block-kadence-advancedheading.kt-adv-heading520_a22b62-1c[data-kb-block=\"kb-adv-heading520_a22b62-1c\"]{text-align:center;font-style:normal;}.wp-block-kadence-advancedheading.kt-adv-heading520_a22b62-1c mark.kt-highlight, .wp-block-kadence-advancedheading.kt-adv-heading520_a22b62-1c[data-kb-block=\"kb-adv-heading520_a22b62-1c\"] mark.kt-highlight{font-style:normal;color:#f76a0c;-webkit-box-decoration-break:clone;box-decoration-break:clone;padding-top:0px;padding-right:0px;padding-bottom:0px;padding-left:0px;}.wp-block-kadence-advancedheading.kt-adv-heading520_a22b62-1c img.kb-inline-image, .wp-block-kadence-advancedheading.kt-adv-heading520_a22b62-1c[data-kb-block=\"kb-adv-heading520_a22b62-1c\"] img.kb-inline-image{width:150px;vertical-align:baseline;}<\/style>\n<h1 class=\"kt-adv-heading520_a22b62-1c wp-block-kadence-advancedheading\" data-kb-block=\"kb-adv-heading520_a22b62-1c\">Pol\u00edticas del Adulto Mayor<\/h1>\n<\/div><\/div>\n\n<\/div><\/div><\/div><\/div>\n\n<\/div><\/div>\n\n<style>.kb-row-layout-id520_8dae56-55 > .kt-row-column-wrap{align-content:start;}:where(.kb-row-layout-id520_8dae56-55 > .kt-row-column-wrap) > .wp-block-kadence-column{justify-content:start;}.kb-row-layout-id520_8dae56-55 > .kt-row-column-wrap{column-gap:var(--global-kb-gap-md, 2rem);row-gap:var(--global-kb-gap-md, 2rem);padding-top:var(--global-kb-spacing-sm, 1.5rem);padding-bottom:var(--global-kb-spacing-sm, 1.5rem);grid-template-columns:minmax(0, 1fr);}.kb-row-layout-id520_8dae56-55 > .kt-row-layout-overlay{opacity:0.30;}@media all and (max-width: 1024px){.kb-row-layout-id520_8dae56-55 > .kt-row-column-wrap{grid-template-columns:minmax(0, 1fr);}}@media all and (max-width: 767px){.kb-row-layout-id520_8dae56-55 > .kt-row-column-wrap{grid-template-columns:minmax(0, 1fr);}}<\/style><div class=\"kb-row-layout-wrap kb-row-layout-id520_8dae56-55 alignnone wp-block-kadence-rowlayout\"><div class=\"kt-row-column-wrap kt-has-1-columns kt-row-layout-equal kt-tab-layout-inherit kt-mobile-layout-row kt-row-valign-top\">\n<style>.kadence-column520_0af5c4-47 > .kt-inside-inner-col,.kadence-column520_0af5c4-47 > .kt-inside-inner-col:before{border-top-left-radius:0px;border-top-right-radius:0px;border-bottom-right-radius:0px;border-bottom-left-radius:0px;}.kadence-column520_0af5c4-47 > .kt-inside-inner-col{column-gap:var(--global-kb-gap-sm, 1rem);}.kadence-column520_0af5c4-47 > .kt-inside-inner-col{flex-direction:column;}.kadence-column520_0af5c4-47 > .kt-inside-inner-col > .aligncenter{width:100%;}.kadence-column520_0af5c4-47 > .kt-inside-inner-col:before{opacity:0.3;}.kadence-column520_0af5c4-47{position:relative;}@media all and (max-width: 1024px){.kadence-column520_0af5c4-47 > .kt-inside-inner-col{flex-direction:column;justify-content:center;}}@media all and (max-width: 767px){.kadence-column520_0af5c4-47 > .kt-inside-inner-col{flex-direction:column;justify-content:center;}}<\/style>\n<div class=\"wp-block-kadence-column kadence-column520_0af5c4-47\"><div class=\"kt-inside-inner-col\"><style>.kadence-column520_8aee33-df > .kt-inside-inner-col,.kadence-column520_8aee33-df > .kt-inside-inner-col:before{border-top-left-radius:0px;border-top-right-radius:0px;border-bottom-right-radius:0px;border-bottom-left-radius:0px;}.kadence-column520_8aee33-df > .kt-inside-inner-col{column-gap:var(--global-kb-gap-sm, 1rem);}.kadence-column520_8aee33-df > .kt-inside-inner-col{flex-direction:column;}.kadence-column520_8aee33-df > .kt-inside-inner-col > .aligncenter{width:100%;}.kadence-column520_8aee33-df > .kt-inside-inner-col:before{opacity:0.3;}.kadence-column520_8aee33-df{position:relative;}@media all and (max-width: 1024px){.kadence-column520_8aee33-df > .kt-inside-inner-col{flex-direction:column;justify-content:center;}}@media all and (max-width: 767px){.kadence-column520_8aee33-df > .kt-inside-inner-col{flex-direction:column;justify-content:center;}}<\/style>\n<div class=\"wp-block-kadence-column kadence-column520_8aee33-df\"><div class=\"kt-inside-inner-col\"><\/div><\/div>\n<\/div><\/div>\n\n<\/div><\/div>\n\n<style>.kb-row-layout-id520_9e9245-67 > .kt-row-column-wrap{align-content:start;}:where(.kb-row-layout-id520_9e9245-67 > .kt-row-column-wrap) > .wp-block-kadence-column{justify-content:start;}.kb-row-layout-id520_9e9245-67 > .kt-row-column-wrap{column-gap:var(--global-kb-gap-md, 2rem);row-gap:var(--global-kb-gap-md, 2rem);max-width:var( --global-content-width, 1290px );padding-left:var(--global-content-edge-padding);padding-right:var(--global-content-edge-padding);padding-top:80px;padding-right:20px;padding-bottom:80px;padding-left:20px;grid-template-columns:repeat(2, minmax(0, 1fr));}.kb-row-layout-id520_9e9245-67 > .kt-row-layout-overlay{opacity:0.30;}@media all and (max-width: 1024px){.kb-row-layout-id520_9e9245-67 > .kt-row-column-wrap{padding-top:60px;padding-right:150px;padding-bottom:60px;padding-left:150px;grid-template-columns:repeat(2, minmax(0, 1fr));}}@media all and (max-width: 767px){.kb-row-layout-id520_9e9245-67 > .kt-row-column-wrap{padding-top:40px;padding-right:30px;padding-bottom:40px;padding-left:30px;grid-template-columns:minmax(0, 1fr);}}<\/style><div class=\"kb-row-layout-wrap kb-row-layout-id520_9e9245-67 alignnone wp-block-kadence-rowlayout\"><div class=\"kt-row-column-wrap kt-has-2-columns kt-row-layout-equal kt-tab-layout-inherit kt-mobile-layout-row kt-row-valign-top kb-theme-content-width\">\n<style>.kadence-column520_91128a-79 > .kt-inside-inner-col{display:flex;}.kadence-column520_91128a-79 > .kt-inside-inner-col,.kadence-column520_91128a-79 > .kt-inside-inner-col:before{border-top-left-radius:0px;border-top-right-radius:0px;border-bottom-right-radius:0px;border-bottom-left-radius:0px;}.kadence-column520_91128a-79 > .kt-inside-inner-col{column-gap:var(--global-kb-gap-sm, 1rem);}.kadence-column520_91128a-79 > .kt-inside-inner-col{flex-direction:column;justify-content:center;}.kadence-column520_91128a-79 > .kt-inside-inner-col > .aligncenter{width:100%;}.kt-row-column-wrap > .kadence-column520_91128a-79{align-self:center;}.kt-inner-column-height-full:not(.kt-has-1-columns) > .wp-block-kadence-column.kadence-column520_91128a-79{align-self:auto;}.kt-inner-column-height-full:not(.kt-has-1-columns) > .wp-block-kadence-column.kadence-column520_91128a-79 > .kt-inside-inner-col{flex-direction:column;justify-content:center;}.kadence-column520_91128a-79 > .kt-inside-inner-col:before{opacity:0.3;}.kadence-column520_91128a-79{position:relative;}@media all and (max-width: 1024px){.kt-row-column-wrap > .kadence-column520_91128a-79{align-self:center;}}@media all and (max-width: 1024px){.kt-inner-column-height-full:not(.kt-has-1-columns) > .wp-block-kadence-column.kadence-column520_91128a-79{align-self:auto;}}@media all and (max-width: 1024px){.kt-inner-column-height-full:not(.kt-has-1-columns) > .wp-block-kadence-column.kadence-column520_91128a-79 > .kt-inside-inner-col{flex-direction:column;justify-content:center;}}@media all and (max-width: 1024px){.kadence-column520_91128a-79 > .kt-inside-inner-col{flex-direction:column;justify-content:center;}}@media all and (max-width: 767px){.kt-row-column-wrap > .kadence-column520_91128a-79{align-self:center;}.kt-inner-column-height-full:not(.kt-has-1-columns) > .wp-block-kadence-column.kadence-column520_91128a-79{align-self:auto;}.kt-inner-column-height-full:not(.kt-has-1-columns) > .wp-block-kadence-column.kadence-column520_91128a-79 > .kt-inside-inner-col{flex-direction:column;justify-content:center;}.kadence-column520_91128a-79 > .kt-inside-inner-col{flex-direction:column;justify-content:center;}}<\/style>\n<div class=\"wp-block-kadence-column kadence-column520_91128a-79\"><div class=\"kt-inside-inner-col\">\n<figure class=\"wp-block-image alignwide size-large\"><img loading=\"lazy\" decoding=\"async\" width=\"1024\" height=\"559\" src=\"https:\/\/curarrehue.cl\/portalmayor\/wp-content\/uploads\/2026\/01\/Graficov1-1024x559.png\" alt=\"\" class=\"wp-image-711\" srcset=\"https:\/\/curarrehue.cl\/portalmayor\/wp-content\/uploads\/2026\/01\/Graficov1-1024x559.png 1024w, https:\/\/curarrehue.cl\/portalmayor\/wp-content\/uploads\/2026\/01\/Graficov1-300x164.png 300w, https:\/\/curarrehue.cl\/portalmayor\/wp-content\/uploads\/2026\/01\/Graficov1-768x419.png 768w, https:\/\/curarrehue.cl\/portalmayor\/wp-content\/uploads\/2026\/01\/Graficov1.png 1408w\" sizes=\"auto, (max-width: 1024px) 100vw, 1024px\" \/><\/figure>\n<\/div><\/div>\n\n\n<style>.kadence-column520_7d8727-54 > .kt-inside-inner-col,.kadence-column520_7d8727-54 > .kt-inside-inner-col:before{border-top-left-radius:0px;border-top-right-radius:0px;border-bottom-right-radius:0px;border-bottom-left-radius:0px;}.kadence-column520_7d8727-54 > .kt-inside-inner-col{column-gap:var(--global-kb-gap-sm, 1rem);}.kadence-column520_7d8727-54 > .kt-inside-inner-col{flex-direction:column;}.kadence-column520_7d8727-54 > .kt-inside-inner-col > .aligncenter{width:100%;}.kadence-column520_7d8727-54 > .kt-inside-inner-col:before{opacity:0.3;}.kadence-column520_7d8727-54{position:relative;}@media all and (max-width: 1024px){.kadence-column520_7d8727-54 > .kt-inside-inner-col{flex-direction:column;justify-content:center;}}@media all and (max-width: 767px){.kadence-column520_7d8727-54 > .kt-inside-inner-col{flex-direction:column;justify-content:center;}}<\/style>\n<div class=\"wp-block-kadence-column kadence-column520_7d8727-54\"><div class=\"kt-inside-inner-col\">\n<p>La pol\u00edtica p\u00fablica del adulto mayor en Chile&nbsp;se articula principalmente a trav\u00e9s del&nbsp;<strong>Servicio Nacional del Adulto Mayor (SENAMA)<\/strong>&nbsp;y se basa en el enfoque del&nbsp;<strong>Envejecimiento Positivo<\/strong>.<\/p>\n\n\n\n<p>Actualmente el pa\u00eds enfrenta un envejecimiento poblacional acelerado, lo que ha impulsado una estrategia estatal centrada en la autonom\u00eda, la dignidad y la protecci\u00f3n de derechos.&nbsp;<\/p>\n\n\n\n<p>A nivel comunal se esta trabajando en implementar LA POLITICA DEL ADULTO MAYOR articulada con las diferentes instituciones, programas, clubes que trabajan de manera directa con la persona mayor, quedando como desaf\u00edo para el a\u00f1o 2026 -27 poder desarrollarla en todo el territorio de la comuna de Curarrehue.<\/p>\n<\/div><\/div>\n\n<\/div><\/div>","protected":false},"excerpt":{"rendered":"<p>Pol\u00edticas del Adulto Mayor La pol\u00edtica p\u00fablica del adulto mayor en Chile&nbsp;se articula principalmente a trav\u00e9s del&nbsp;Servicio Nacional del Adulto Mayor (SENAMA)&nbsp;y se basa en el enfoque del&nbsp;Envejecimiento Positivo. Actualmente el pa\u00eds enfrenta un envejecimiento poblacional acelerado, lo que ha impulsado una estrategia estatal centrada en la autonom\u00eda, la dignidad y la protecci\u00f3n de derechos.&nbsp;&#8230;<\/p>\n","protected":false},"author":1,"featured_media":0,"parent":0,"menu_order":0,"comment_status":"closed","ping_status":"closed","template":"","meta":{"_kadence_starter_templates_imported_post":true,"_kad_post_transparent":"","_kad_post_title":"","_kad_post_layout":"","_kad_post_sidebar_id":"","_kad_post_content_style":"","_kad_post_vertical_padding":"","_kad_post_feature":"","_kad_post_feature_position":"","_kad_post_header":false,"_kad_post_footer":false,"_kad_post_classname":"","footnotes":""},"class_list":["post-520","page","type-page","status-publish","hentry"],"_links":{"self":[{"href":"https:\/\/curarrehue.cl\/portalmayor\/wp-json\/wp\/v2\/pages\/520","targetHints":{"allow":["GET"]}}],"collection":[{"href":"https:\/\/curarrehue.cl\/portalmayor\/wp-json\/wp\/v2\/pages"}],"about":[{"href":"https:\/\/curarrehue.cl\/portalmayor\/wp-json\/wp\/v2\/types\/page"}],"author":[{"embeddable":true,"href":"https:\/\/curarrehue.cl\/portalmayor\/wp-json\/wp\/v2\/users\/1"}],"replies":[{"embeddable":true,"href":"https:\/\/curarrehue.cl\/portalmayor\/wp-json\/wp\/v2\/comments?post=520"}],"version-history":[{"count":13,"href":"https:\/\/curarrehue.cl\/portalmayor\/wp-json\/wp\/v2\/pages\/520\/revisions"}],"predecessor-version":[{"id":842,"href":"https:\/\/curarrehue.cl\/portalmayor\/wp-json\/wp\/v2\/pages\/520\/revisions\/842"}],"wp:attachment":[{"href":"https:\/\/curarrehue.cl\/portalmayor\/wp-json\/wp\/v2\/media?parent=520"}],"curies":[{"name":"wp","href":"https:\/\/api.w.org\/{rel}","templated":true}]}}